-40010243124?
-40010243134
In base 13, what is 3 + bc9864?
bc9867
In base 7, what is -1443454554 - 12?
-1443454566
In base 15, what is 5 + -9e004d?
-9e0048
In base 8, what is 6413137 + 332?
6413471
In base 11, what is 40 - -763993?
763a23
In base 4, what is -10111003201 + -1013?
-10111010220
In base 9, what is -604083 - 16?
-604110
In base 8, what is 5607057 + 25?
5607104
In base 16, what is -9e - -1aacaa?
1aac0c
In base 12, what is 82 + 582b?
58b1
In base 3, what is 2011120 - -100201202?
102220022
In base 4, what is -1332233312 - 11003?
-1332310321
In base 4, what is -13112300 + -10313?
-13123213
In base 10, what is -4 + -8145193?
-8145197
In base 15, what is -619779 + 12?
-619767
In base 7, what is 55 + -3605104?
-3605016
In base 8, what is 521 - -21761?
22502
In base 7, what is 0 - 46124352?
-46124352
In base 15, what is -1549dd + -31b?
-154d09
In base 16, what is -3 - 1da00f?
-1da012
In base 9, what is 35566 + 3072?
38648
In base 3, what is 2 + -12111222011220012?
-12111222011220010
In base 4, what is 31300330 + 3303?
31310233
In base 13, what is 1c59 - 5c24?
-3c98
In base 7, what is 5030646254 + -4?
5030646250
In base 6, what is 5055020 + -2?
5055014
In base 8, what is 117 + -247200?
-247061
In base 7, what is -10 - -31405136?
31405126
In base 7, what is -362130 - -233?
-361564
In base 8, what is -1 - 16334625?
-16334626
In base 12, what is -32406337 - 2?
-32406339
In base 3, what is 202122012100 - 1001?
202122011022
In base 4, what is 132233221 + 200?
132300021
In base 5, what is 2032401 - 333420?
1143431
In base 2, what is -10 - -1010000000011011011111110?
1010000000011011011111100
In base 7, what is 103015243 - 0?
103015243
In base 9, what is -10287 - -71?
-10216
In base 14, what is a7 - -20047?
20110
In base 2, what is 1000100100000010011101 + 1000100?
1000100100000011100001
In base 9, what is 3 + 26435104?
26435107
In base 4, what is 233133112 - -10312?
233210030
In base 15, what is -1 + -14a7789?
-14a778a
In base 7, what is -20 + -105165604?
-105165624
In base 12, what is a1926810 + -1?
a192680b
In base 3, what is -20222100021110012 + -2?
-20222100021110021
In base 7, what is 2 + 6323466006?
6323466011
In base 15, what is -3142d - -277?
-311a6
In base 7, what is 216455 + 144?
216632
In base 2, what is -1001011011 + 111110001010?
110100101111
In base 8, what is -11204464 - 3?
-11204467
In base 14, what is 2d - c272a?
-c26db
In base 7, what is 255101646 - 5?
255101641
In base 10, what is 797 + -1656?
-859
In base 3, what is 22112000122 + -102220?
22111120202
In base 8, what is 36514 + -14246?
22246
In base 13, what is -23 - 73535b?
-735381
In base 12, what is -1 + 524b69?
524b68
In base 3, what is -10021022 - -1022000020?
1011201221
In base 8, what is -41413373 + -4?
-41413377
In base 10, what is -167201098 + 0?
-167201098
In base 12, what is -426593 + -3?
-426596
In base 10, what is -4 + 25079013?
25079009
In base 15, what is 6d + 1c94a?
1c9b8
In base 4, what is 23 + -1121312311?
-1121312222
In base 5, what is 123303 - -40021?
213324
In base 12, what is -2206800 - -1?
-22067bb
In base 10, what is -1706957 + 49?
-1706908
In base 3, what is 2112200110021211 + 1?
2112200110021212
In base 13, what is -1919 + b097?
947b
In base 3, what is -11 - 1111211200100?
-1111211200111
In base 8, what is -4072 + -13426?
-17520
In base 3, what is -1011010212112001 - 12?
-1011010212112020
In base 12, what is a11 + -3027?
-2216
In base 2, what is -1101001000111010000111 - -10?
-1101001000111010000101
In base 12, what is 3903 + 43166?
46a69
In base 3, what is -1020112010101 + -10011?
-1020112020112
In base 13, what is 6b842c + -2b9?
6b8143
In base 9, what is -360 + 11074?
10614
In base 4, what is 1033203223 - 312?
1033202311
In base 3, what is 121000221 - 200220122?
-2212201
In base 3, what is 220121110 - -20100002?
1010221112
In base 11, what is 2 + -a723511?
-a72350a
In base 15, what is 22e98a - -1?
22e98b
In base 15, what is -1b96 - 7b4?
-245a
In base 12, what is -37948ba + 41?
-3794879
In base 13, what is -10945c - 4?
-109463
In base 9, what is 134523536 + -7?
134523528
In base 3, what is -101222221 - 1002022?
-110002020
In base 5, what is 4 + -11101422333?
-11101422324
In base 16, what is c4 + 3f91?
4055
In base 8, what is 2 + 21704402?
21704404
In base 14, what is 89b5 + 2cb?
8ca2
In base 15, what is -570 + -a23b9?
-a2939
In base 9, what is -37240084 + -5?
-37240100
In base 4, what is -200223012 - -32?
-200222320
In base 4, what is 0 + -2101010111222?
-2101010111222
In base 6, what is -5 - -1304410?
1304401
In base 13, what is -110 + 268038?
267c28
In base 16, what is -be33d - -202?
-be13b
In base 6, what is -1203023 - -30352?
-1132231
In base 7, what is 1451543303 + -5?
1451543265
In base 14, what is -b5 - 1cb68?
-1cc3d
In base 16, what is 296 - 19f0?
-175a
In base 5, what is 112213 - 34013?
23200
In base 11, what is 771927 + 13?
77193a
In base 9, what is 271 - -16327?
16608
In base 5, what is -103310304 - -23?
-103310231
In base 14, what is 404916 + -5?
404911
In base 3, what is 12211000011112 + -2021?
12211000002021
In base 2, what is 100 - 10001110011001011111?
-10001110011001011011
In base 6, what is -1341 - 200150?
-201531
In base 4, what is -22000121303 + -20?
-22000121323
In base 11, what is -2874 + 709?
-2166
In base 6, what is -3112411 + 4100?
-3104311
In base 5, what is 214020 + 3334?
222404
In base 16, what is 6 + 106dfc?
106e02
In base 12, what is -62244b - a?
-622459
In base 5, what is 10404134 - -3023?
10412212
In base 3, what is -21200002 + 20011002021?
12212102012
In base 12, what is 49 + 11349?
11396
In base 16, what is 6 - -ea5d0b?
ea5d11
In base 3, what is -10 - 120212010201120?
-120212010201200
In base 13, what is 2c + 2c26a9?
2c2708
In base 5, what is 111 + 123334041?
123334202
In base 10, what is -124555271 + 3?
-124555268
In base 10, what is 1080550 - 515?
1080035
In base 9, what is 21730774 - -5?
21730780
In base 13, what is 9 + -44376?
-4436a
In base 12, what is -2 - -416675?
416673
In base 9, what is -2621 + -1701?
-4422
In base 2, what is -10111001000 + 101010000?
-10001111000
In base 6, what is -1300244 + 141?
-1300103
In base 7, what is 16060 + -60212?
-41122
In base 13, what is -12528 + -281?
-127a9
In base 16, what is 5dc47 + 166?
5ddad
In base 13, what is -33aa + -512?
-38bc
In base 8, what is 6417732 + -11?
6417721
In base 6, what is 3 - 12055244042?
-12055244035
In base 12, what is -213 + 561522?
56130b
In base 16, what is -5 - 19e7ee2?
-19e7ee7
In base 13, what is 154657 + 9?
154663
In base 5, what is -4 + 111334133314?
111334133310
In base 5, what is 2 + -303124323004?
-303124323002
In base 4, what is -331210011230 - 133?
-331210012023
In base 2, what is -11 - -1010010010001101010001?
1010010010001101001110
In base 10, what is -33233 + -30?
-33263
In base 15, what is -47364 - -10?
-47354
In base 11, what is -4 + 1087aaa?
1087aa6
In base 4, what is -3123 + -20011000310?
-20011010033
In base 11, what is -1a + -5a14765?
-5a14784
In base 12, what is 44297 + -473?
43a24
In base 3, what is 220121110202 - 12220?
220121020212
In base 7, what is -3 + -31360140?
-31360143
In base 13, what is 274 - -11073?
11317
In base 2, what is -10 - -100011100000111101001101100?
100011100000111101001101010
In base 8, what is -607006 + 414?
-606372
In base 3, what is 220 - 11022212202000?
-11022212201010
In base 2, what is 1010101101110010 + -10010101?
1010101011011101
In base 5, what is -33 + 122144331?
122144243
In base 13, what is -8 - -12c94141?
12c94136
In base 6, what is 1255040 - -25?
1255105
In base 5, what is -4004 + -13000333?
-13004342
In base 11, what is -87514a + -48?
-875197
In base 14, what is 28a5 - -11?
28b6
In base 3, what is -110000 - 1110201111120?
-1110201221120
In base 7, what is 5362154 + 2062?
5364246
In base 15, what is 115745a1 - 4?
1157459c
In base 14, what is 80c9 + 100c?
90d7
In base 13, what is -97 + -47b798?
-47b862
In base 4, what is 1311100 - -30?
1311130
In base 7, what is -21051 - -544?
-20204
In base 10, what is 1707 + -3819?
-2112
In base 14, what is -891 - 70b4?
-7965
In base 9, what is -310153 - 204?
-310357
In base 4, what is -30220101211 - -2010?
-30220033201
In base 2, what is 10111011101101000000100 - 110?
10111011101100111111110
In base 4, what is -220332210303222 - -10?
-220332210303212
